{"id":3964,"date":"2024-09-04T16:04:12","date_gmt":"2024-09-04T16:04:12","guid":{"rendered":"https:\/\/panamacibersegura.gob.pa\/?page_id=3964"},"modified":"2024-09-04T16:05:34","modified_gmt":"2024-09-04T16:05:34","slug":"noticias","status":"publish","type":"page","link":"https:\/\/panamacibersegura.gob.pa\/index.php\/noticias\/","title":{"rendered":"Noticias"},"content":{"rendered":"\t\t<div data-elementor-type=\"wp-page\" data-elementor-id=\"3964\" class=\"elementor elementor-3964\" data-elementor-post-type=\"page\">\n\t\t\t\t\t\t<section class=\"elementor-section elementor-top-section elementor-element elementor-element-87a26e3 elementor-section-boxed elementor-section-height-default elementor-section-height-default\" data-id=\"87a26e3\" data-element_type=\"section\" data-e-type=\"section\">\n\t\t\t\t\t\t<div class=\"elementor-container elementor-column-gap-default\">\n\t\t\t\t\t<div class=\"elementor-column elementor-col-100 elementor-top-column elementor-element elementor-element-2c83442\" data-id=\"2c83442\" data-element_type=\"column\" data-e-type=\"column\">\n\t\t\t<div class=\"elementor-widget-wrap elementor-element-populated\">\n\t\t\t\t\t\t<div class=\"elementor-element elementor-element-6fd49a3 elementor-grid-3 elementor-grid-tablet-2 elementor-grid-mobile-1 elementor-posts--thumbnail-top elementor-posts--show-avatar elementor-card-shadow-yes elementor-posts__hover-gradient elementor-widget elementor-widget-posts\" data-id=\"6fd49a3\" data-element_type=\"widget\" data-e-type=\"widget\" data-settings=\"{&quot;cards_columns&quot;:&quot;3&quot;,&quot;cards_columns_tablet&quot;:&quot;2&quot;,&quot;cards_columns_mobile&quot;:&quot;1&quot;,&quot;cards_row_gap&quot;:{&quot;unit&quot;:&quot;px&quot;,&quot;size&quot;:35,&quot;sizes&quot;:[]},&quot;cards_row_gap_tablet&quot;:{&quot;unit&quot;:&quot;px&quot;,&quot;size&quot;:&quot;&quot;,&quot;sizes&quot;:[]},&quot;cards_row_gap_mobile&quot;:{&quot;unit&quot;:&quot;px&quot;,&quot;size&quot;:&quot;&quot;,&quot;sizes&quot;:[]}}\" data-widget_type=\"posts.cards\">\n\t\t\t\t<div class=\"elementor-widget-container\">\n\t\t\t\t\t\t\t<div class=\"elementor-posts-container elementor-posts elementor-posts--skin-cards elementor-grid\" role=\"list\">\n\t\t\t\t<article class=\"elementor-post elementor-grid-item post-4660 post type-post status-publish format-standard has-post-thumbnail hentry category-adolescentes tag-ciberseguridad tag-clubdecibersegruidad tag-colon tag-ija tag-panamacibersegura\" role=\"listitem\">\n\t\t\t<div class=\"elementor-post__card\">\n\t\t\t\t<a class=\"elementor-post__thumbnail__link\" href=\"https:\/\/panamacibersegura.gob.pa\/index.php\/2025\/08\/08\/segundo-aniversario-de-la-campana-panama-cibersegura\/\" tabindex=\"-1\" ><div class=\"elementor-post__thumbnail\"><img fetchpriority=\"high\" decoding=\"async\" width=\"300\" height=\"179\" src=\"https:\/\/panamacibersegura.gob.pa\/wp-content\/uploads\/2025\/08\/057A0833-300x179.jpg\" class=\"attachment-medium size-medium wp-image-4661\" alt=\"\" srcset=\"https:\/\/panamacibersegura.gob.pa\/wp-content\/uploads\/2025\/08\/057A0833-300x179.jpg 300w, https:\/\/panamacibersegura.gob.pa\/wp-content\/uploads\/2025\/08\/057A0833-768x459.jpg 768w, https:\/\/panamacibersegura.gob.pa\/wp-content\/uploads\/2025\/08\/057A0833.jpg 903w\" sizes=\"(max-width: 300px) 100vw, 300px\" \/><\/div><\/a>\n\t\t\t\t<div class=\"elementor-post__badge\">Adolescentes<\/div>\n\t\t\t\t<div class=\"elementor-post__avatar\">\n\t\t\t<img alt='Panam\u00e1 Cibersegura' src='https:\/\/secure.gravatar.com\/avatar\/c7b13be26c75e86121061e21b03031a8a0c36b0b6195063bca8bd138975fde15?s=128&#038;d=mm&#038;r=g' srcset='https:\/\/secure.gravatar.com\/avatar\/c7b13be26c75e86121061e21b03031a8a0c36b0b6195063bca8bd138975fde15?s=256&#038;d=mm&#038;r=g 2x' class='avatar avatar-128 photo' height='128' width='128' \/>\t\t<\/div>\n\t\t\t\t<div class=\"elementor-post__text\">\n\t\t\t\t<h3 class=\"elementor-post__title\">\n\t\t\t<a href=\"https:\/\/panamacibersegura.gob.pa\/index.php\/2025\/08\/08\/segundo-aniversario-de-la-campana-panama-cibersegura\/\" >\n\t\t\t\tSegundo aniversario de la Campa\u00f1a \u201cPanam\u00e1 Cibersegura\u201d\t\t\t<\/a>\n\t\t<\/h3>\n\t\t\t\t<div class=\"elementor-post__excerpt\">\n\t\t\t<p>Con el firme prop\u00f3sito de blindar el pa\u00eds frente a las amenazas digitales, la Autoridad Nacional para la Innovaci\u00f3n Gubernamental (AIG) lanz\u00f3 el convenio de<\/p>\n\t\t<\/div>\n\t\t\n\t\t<a class=\"elementor-post__read-more\" href=\"https:\/\/panamacibersegura.gob.pa\/index.php\/2025\/08\/08\/segundo-aniversario-de-la-campana-panama-cibersegura\/\" aria-label=\"Read more about Segundo aniversario de la Campa\u00f1a \u201cPanam\u00e1 Cibersegura\u201d\" tabindex=\"-1\" >\n\t\t\tRead More \u00bb\t\t<\/a>\n\n\t\t\t\t<\/div>\n\t\t\t\t<div class=\"elementor-post__meta-data\">\n\t\t\t\t\t<span class=\"elementor-post-date\">\n\t\t\t8 agosto, 2025\t\t<\/span>\n\t\t\t\t<span class=\"elementor-post-avatar\">\n\t\t\tNo hay comentarios\t\t<\/span>\n\t\t\t\t<\/div>\n\t\t\t\t\t<\/div>\n\t\t<\/article>\n\t\t\t\t<article class=\"elementor-post elementor-grid-item post-4542 post type-post status-publish format-standard has-post-thumbnail hentry category-infantes\" role=\"listitem\">\n\t\t\t<div class=\"elementor-post__card\">\n\t\t\t\t<a class=\"elementor-post__thumbnail__link\" href=\"https:\/\/panamacibersegura.gob.pa\/index.php\/2025\/06\/20\/capacitacion-en-mi-cultura-protegemos-la-cultura-protejamos-la-informacion\/\" tabindex=\"-1\" ><div class=\"elementor-post__thumbnail\"><img decoding=\"async\" width=\"300\" height=\"194\" src=\"https:\/\/panamacibersegura.gob.pa\/wp-content\/uploads\/2025\/06\/Captura-de-pantalla-2025-06-20-150737-300x194.png\" class=\"attachment-medium size-medium wp-image-4552\" alt=\"\" srcset=\"https:\/\/panamacibersegura.gob.pa\/wp-content\/uploads\/2025\/06\/Captura-de-pantalla-2025-06-20-150737-300x194.png 300w, https:\/\/panamacibersegura.gob.pa\/wp-content\/uploads\/2025\/06\/Captura-de-pantalla-2025-06-20-150737-768x497.png 768w, https:\/\/panamacibersegura.gob.pa\/wp-content\/uploads\/2025\/06\/Captura-de-pantalla-2025-06-20-150737.png 947w\" sizes=\"(max-width: 300px) 100vw, 300px\" \/><\/div><\/a>\n\t\t\t\t<div class=\"elementor-post__badge\">Infantes<\/div>\n\t\t\t\t<div class=\"elementor-post__avatar\">\n\t\t\t<img alt='Panam\u00e1 Cibersegura' src='https:\/\/secure.gravatar.com\/avatar\/c7b13be26c75e86121061e21b03031a8a0c36b0b6195063bca8bd138975fde15?s=128&#038;d=mm&#038;r=g' srcset='https:\/\/secure.gravatar.com\/avatar\/c7b13be26c75e86121061e21b03031a8a0c36b0b6195063bca8bd138975fde15?s=256&#038;d=mm&#038;r=g 2x' class='avatar avatar-128 photo' height='128' width='128' \/>\t\t<\/div>\n\t\t\t\t<div class=\"elementor-post__text\">\n\t\t\t\t<h3 class=\"elementor-post__title\">\n\t\t\t<a href=\"https:\/\/panamacibersegura.gob.pa\/index.php\/2025\/06\/20\/capacitacion-en-mi-cultura-protegemos-la-cultura-protejamos-la-informacion\/\" >\n\t\t\t\tCapacitaci\u00f3n en Mi Cultura: &#8220;Protegemos la Cultura, Protejamos la Informaci\u00f3n&#8221;.\t\t\t<\/a>\n\t\t<\/h3>\n\t\t\t\t<div class=\"elementor-post__excerpt\">\n\t\t\t<p>El evento titulado,&nbsp;&#8220;Protegemos la Cultura, Protejamos la Informaci\u00f3n&#8221;, tuvo la participaci\u00f3n del personal administrativo del Ministerio de Cultura (MICULTURA), quienes reforzaron la importancia de la<\/p>\n\t\t<\/div>\n\t\t\n\t\t<a class=\"elementor-post__read-more\" href=\"https:\/\/panamacibersegura.gob.pa\/index.php\/2025\/06\/20\/capacitacion-en-mi-cultura-protegemos-la-cultura-protejamos-la-informacion\/\" aria-label=\"Read more about Capacitaci\u00f3n en Mi Cultura: &#8220;Protegemos la Cultura, Protejamos la Informaci\u00f3n&#8221;.\" tabindex=\"-1\" >\n\t\t\tRead More \u00bb\t\t<\/a>\n\n\t\t\t\t<\/div>\n\t\t\t\t<div class=\"elementor-post__meta-data\">\n\t\t\t\t\t<span class=\"elementor-post-date\">\n\t\t\t20 junio, 2025\t\t<\/span>\n\t\t\t\t<span class=\"elementor-post-avatar\">\n\t\t\tNo hay comentarios\t\t<\/span>\n\t\t\t\t<\/div>\n\t\t\t\t\t<\/div>\n\t\t<\/article>\n\t\t\t\t<article class=\"elementor-post elementor-grid-item post-4411 post type-post status-publish format-standard has-post-thumbnail hentry category-infantes tag-ciberseguridad tag-colon tag-panamacibersegura\" role=\"listitem\">\n\t\t\t<div class=\"elementor-post__card\">\n\t\t\t\t<a class=\"elementor-post__thumbnail__link\" href=\"https:\/\/panamacibersegura.gob.pa\/index.php\/2024\/10\/21\/clausura-del-club-de-ciberseguridad-del-colegio-secundario-gatuncillo-colon\/\" tabindex=\"-1\" ><div class=\"elementor-post__thumbnail\"><img decoding=\"async\" width=\"300\" height=\"200\" src=\"https:\/\/panamacibersegura.gob.pa\/wp-content\/uploads\/2024\/10\/057a3132-2048x1365-1-300x200.jpg\" class=\"attachment-medium size-medium wp-image-4429\" alt=\"\" srcset=\"https:\/\/panamacibersegura.gob.pa\/wp-content\/uploads\/2024\/10\/057a3132-2048x1365-1-300x200.jpg 300w, https:\/\/panamacibersegura.gob.pa\/wp-content\/uploads\/2024\/10\/057a3132-2048x1365-1-1024x683.jpg 1024w, https:\/\/panamacibersegura.gob.pa\/wp-content\/uploads\/2024\/10\/057a3132-2048x1365-1-768x512.jpg 768w, https:\/\/panamacibersegura.gob.pa\/wp-content\/uploads\/2024\/10\/057a3132-2048x1365-1-1536x1024.jpg 1536w, https:\/\/panamacibersegura.gob.pa\/wp-content\/uploads\/2024\/10\/057a3132-2048x1365-1.jpg 2048w\" sizes=\"(max-width: 300px) 100vw, 300px\" \/><\/div><\/a>\n\t\t\t\t<div class=\"elementor-post__badge\">Infantes<\/div>\n\t\t\t\t<div class=\"elementor-post__avatar\">\n\t\t\t<img alt='Panam\u00e1 Cibersegura' src='https:\/\/secure.gravatar.com\/avatar\/c7b13be26c75e86121061e21b03031a8a0c36b0b6195063bca8bd138975fde15?s=128&#038;d=mm&#038;r=g' srcset='https:\/\/secure.gravatar.com\/avatar\/c7b13be26c75e86121061e21b03031a8a0c36b0b6195063bca8bd138975fde15?s=256&#038;d=mm&#038;r=g 2x' class='avatar avatar-128 photo' height='128' width='128' \/>\t\t<\/div>\n\t\t\t\t<div class=\"elementor-post__text\">\n\t\t\t\t<h3 class=\"elementor-post__title\">\n\t\t\t<a href=\"https:\/\/panamacibersegura.gob.pa\/index.php\/2024\/10\/21\/clausura-del-club-de-ciberseguridad-del-colegio-secundario-gatuncillo-colon\/\" >\n\t\t\t\tClausura del Club de Ciberseguridad del Colegio Secundario Gatuncillo Col\u00f3n\t\t\t<\/a>\n\t\t<\/h3>\n\t\t\t\t<div class=\"elementor-post__excerpt\">\n\t\t\t<p>Con \u00e9xito culmina la capacitaci\u00f3n del &#8220;Club de ciberseguridad\u201d, en el Colegio Secundario Gatuncillo, ubicado en San Juan, provincia de Col\u00f3n. Esta actividad educativa tuvo<\/p>\n\t\t<\/div>\n\t\t\n\t\t<a class=\"elementor-post__read-more\" href=\"https:\/\/panamacibersegura.gob.pa\/index.php\/2024\/10\/21\/clausura-del-club-de-ciberseguridad-del-colegio-secundario-gatuncillo-colon\/\" aria-label=\"Read more about Clausura del Club de Ciberseguridad del Colegio Secundario Gatuncillo Col\u00f3n\" tabindex=\"-1\" >\n\t\t\tRead More \u00bb\t\t<\/a>\n\n\t\t\t\t<\/div>\n\t\t\t\t<div class=\"elementor-post__meta-data\">\n\t\t\t\t\t<span class=\"elementor-post-date\">\n\t\t\t21 octubre, 2024\t\t<\/span>\n\t\t\t\t<span class=\"elementor-post-avatar\">\n\t\t\tNo hay comentarios\t\t<\/span>\n\t\t\t\t<\/div>\n\t\t\t\t\t<\/div>\n\t\t<\/article>\n\t\t\t\t<article class=\"elementor-post elementor-grid-item post-4057 post type-post status-publish format-standard has-post-thumbnail hentry category-adolescentes tag-ciberseguridad tag-panamacibersegura\" role=\"listitem\">\n\t\t\t<div class=\"elementor-post__card\">\n\t\t\t\t<a class=\"elementor-post__thumbnail__link\" href=\"https:\/\/panamacibersegura.gob.pa\/index.php\/2024\/09\/24\/primer-aniversario-de-la-campana-panama-cibersegura\/\" tabindex=\"-1\" ><div class=\"elementor-post__thumbnail\"><img loading=\"lazy\" decoding=\"async\" width=\"300\" height=\"215\" src=\"https:\/\/panamacibersegura.gob.pa\/wp-content\/uploads\/2024\/09\/utp-300x215.jpg\" class=\"attachment-medium size-medium wp-image-4061\" alt=\"\" srcset=\"https:\/\/panamacibersegura.gob.pa\/wp-content\/uploads\/2024\/09\/utp-300x215.jpg 300w, https:\/\/panamacibersegura.gob.pa\/wp-content\/uploads\/2024\/09\/utp-1024x735.jpg 1024w, https:\/\/panamacibersegura.gob.pa\/wp-content\/uploads\/2024\/09\/utp-768x551.jpg 768w, https:\/\/panamacibersegura.gob.pa\/wp-content\/uploads\/2024\/09\/utp.jpg 1233w\" sizes=\"(max-width: 300px) 100vw, 300px\" \/><\/div><\/a>\n\t\t\t\t<div class=\"elementor-post__badge\">Adolescentes<\/div>\n\t\t\t\t<div class=\"elementor-post__avatar\">\n\t\t\t<img alt='Panam\u00e1 Cibersegura' src='https:\/\/secure.gravatar.com\/avatar\/c7b13be26c75e86121061e21b03031a8a0c36b0b6195063bca8bd138975fde15?s=128&#038;d=mm&#038;r=g' srcset='https:\/\/secure.gravatar.com\/avatar\/c7b13be26c75e86121061e21b03031a8a0c36b0b6195063bca8bd138975fde15?s=256&#038;d=mm&#038;r=g 2x' class='avatar avatar-128 photo' height='128' width='128' \/>\t\t<\/div>\n\t\t\t\t<div class=\"elementor-post__text\">\n\t\t\t\t<h3 class=\"elementor-post__title\">\n\t\t\t<a href=\"https:\/\/panamacibersegura.gob.pa\/index.php\/2024\/09\/24\/primer-aniversario-de-la-campana-panama-cibersegura\/\" >\n\t\t\t\tPrimer aniversario de la Campa\u00f1a &#8220;Panam\u00e1 Cibersegura&#8221;\t\t\t<\/a>\n\t\t<\/h3>\n\t\t\t\t<div class=\"elementor-post__excerpt\">\n\t\t\t<p>La campa\u00f1a &#8220;Panam\u00e1 Cibersegura&#8221;, celebr\u00f3 con la comunidad paname\u00f1a, su primer aniversario en el pasado mes de agosto. Desde la Direcci\u00f3n Nacional de Ciberseguridad, de<\/p>\n\t\t<\/div>\n\t\t\n\t\t<a class=\"elementor-post__read-more\" href=\"https:\/\/panamacibersegura.gob.pa\/index.php\/2024\/09\/24\/primer-aniversario-de-la-campana-panama-cibersegura\/\" aria-label=\"Read more about Primer aniversario de la Campa\u00f1a &#8220;Panam\u00e1 Cibersegura&#8221;\" tabindex=\"-1\" >\n\t\t\tRead More \u00bb\t\t<\/a>\n\n\t\t\t\t<\/div>\n\t\t\t\t<div class=\"elementor-post__meta-data\">\n\t\t\t\t\t<span class=\"elementor-post-date\">\n\t\t\t24 septiembre, 2024\t\t<\/span>\n\t\t\t\t<span class=\"elementor-post-avatar\">\n\t\t\tNo hay comentarios\t\t<\/span>\n\t\t\t\t<\/div>\n\t\t\t\t\t<\/div>\n\t\t<\/article>\n\t\t\t\t<article class=\"elementor-post elementor-grid-item post-4007 post type-post status-publish format-standard has-post-thumbnail hentry category-material-digital tag-aviso tag-ciberseguridad tag-fraude\" role=\"listitem\">\n\t\t\t<div class=\"elementor-post__card\">\n\t\t\t\t<a class=\"elementor-post__thumbnail__link\" href=\"https:\/\/panamacibersegura.gob.pa\/index.php\/2024\/09\/12\/aviso-fraude-utilizando-a-la-campana-panama-cibersegura\/\" tabindex=\"-1\" ><div class=\"elementor-post__thumbnail\"><img loading=\"lazy\" decoding=\"async\" width=\"300\" height=\"200\" src=\"https:\/\/panamacibersegura.gob.pa\/wp-content\/uploads\/2024\/04\/iphone-642999_640-300x200.jpg\" class=\"attachment-medium size-medium wp-image-3702\" alt=\"\" srcset=\"https:\/\/panamacibersegura.gob.pa\/wp-content\/uploads\/2024\/04\/iphone-642999_640-300x200.jpg 300w, https:\/\/panamacibersegura.gob.pa\/wp-content\/uploads\/2024\/04\/iphone-642999_640.jpg 640w\" sizes=\"(max-width: 300px) 100vw, 300px\" \/><\/div><\/a>\n\t\t\t\t<div class=\"elementor-post__badge\">Material Digital<\/div>\n\t\t\t\t<div class=\"elementor-post__avatar\">\n\t\t\t<img alt='Panam\u00e1 Cibersegura' src='https:\/\/secure.gravatar.com\/avatar\/c7b13be26c75e86121061e21b03031a8a0c36b0b6195063bca8bd138975fde15?s=128&#038;d=mm&#038;r=g' srcset='https:\/\/secure.gravatar.com\/avatar\/c7b13be26c75e86121061e21b03031a8a0c36b0b6195063bca8bd138975fde15?s=256&#038;d=mm&#038;r=g 2x' class='avatar avatar-128 photo' height='128' width='128' \/>\t\t<\/div>\n\t\t\t\t<div class=\"elementor-post__text\">\n\t\t\t\t<h3 class=\"elementor-post__title\">\n\t\t\t<a href=\"https:\/\/panamacibersegura.gob.pa\/index.php\/2024\/09\/12\/aviso-fraude-utilizando-a-la-campana-panama-cibersegura\/\" >\n\t\t\t\tAVISO: Fraude utilizando a la campa\u00f1a \u201cPanam\u00e1 Cibersegura\u201d\t\t\t<\/a>\n\t\t<\/h3>\n\t\t\t\t<div class=\"elementor-post__excerpt\">\n\t\t\t<p>El equipo de &#8220;Panam\u00e1 Cibersegura&#8221; de la AIG, alerta a la comunidad paname\u00f1a sobre los fraudes que est\u00e1n realizando, utilizando el nombre de la campa\u00f1a<\/p>\n\t\t<\/div>\n\t\t\n\t\t<a class=\"elementor-post__read-more\" href=\"https:\/\/panamacibersegura.gob.pa\/index.php\/2024\/09\/12\/aviso-fraude-utilizando-a-la-campana-panama-cibersegura\/\" aria-label=\"Read more about AVISO: Fraude utilizando a la campa\u00f1a \u201cPanam\u00e1 Cibersegura\u201d\" tabindex=\"-1\" >\n\t\t\tRead More \u00bb\t\t<\/a>\n\n\t\t\t\t<\/div>\n\t\t\t\t<div class=\"elementor-post__meta-data\">\n\t\t\t\t\t<span class=\"elementor-post-date\">\n\t\t\t12 septiembre, 2024\t\t<\/span>\n\t\t\t\t<span class=\"elementor-post-avatar\">\n\t\t\tNo hay comentarios\t\t<\/span>\n\t\t\t\t<\/div>\n\t\t\t\t\t<\/div>\n\t\t<\/article>\n\t\t\t\t<article class=\"elementor-post elementor-grid-item post-3890 post type-post status-publish format-standard has-post-thumbnail hentry category-adolescentes category-infantes tag-ciberseguridad tag-colon tag-panamacibersegura\" role=\"listitem\">\n\t\t\t<div class=\"elementor-post__card\">\n\t\t\t\t<a class=\"elementor-post__thumbnail__link\" href=\"https:\/\/panamacibersegura.gob.pa\/index.php\/2024\/08\/19\/club-de-ciberseguridad-en-el-colegio-secundario-de-gatuncillo\/\" tabindex=\"-1\" ><div class=\"elementor-post__thumbnail\"><img loading=\"lazy\" decoding=\"async\" width=\"300\" height=\"169\" src=\"https:\/\/panamacibersegura.gob.pa\/wp-content\/uploads\/2024\/08\/whatsapp-image-2024-07-30-at-160502-3-300x169.jpeg\" class=\"attachment-medium size-medium wp-image-3850\" alt=\"\" srcset=\"https:\/\/panamacibersegura.gob.pa\/wp-content\/uploads\/2024\/08\/whatsapp-image-2024-07-30-at-160502-3-300x169.jpeg 300w, https:\/\/panamacibersegura.gob.pa\/wp-content\/uploads\/2024\/08\/whatsapp-image-2024-07-30-at-160502-3-1024x575.jpeg 1024w, https:\/\/panamacibersegura.gob.pa\/wp-content\/uploads\/2024\/08\/whatsapp-image-2024-07-30-at-160502-3-768x431.jpeg 768w, https:\/\/panamacibersegura.gob.pa\/wp-content\/uploads\/2024\/08\/whatsapp-image-2024-07-30-at-160502-3.jpeg 1280w\" sizes=\"(max-width: 300px) 100vw, 300px\" \/><\/div><\/a>\n\t\t\t\t<div class=\"elementor-post__badge\">Adolescentes<\/div>\n\t\t\t\t<div class=\"elementor-post__avatar\">\n\t\t\t<img alt='Panam\u00e1 Cibersegura' src='https:\/\/secure.gravatar.com\/avatar\/c7b13be26c75e86121061e21b03031a8a0c36b0b6195063bca8bd138975fde15?s=128&#038;d=mm&#038;r=g' srcset='https:\/\/secure.gravatar.com\/avatar\/c7b13be26c75e86121061e21b03031a8a0c36b0b6195063bca8bd138975fde15?s=256&#038;d=mm&#038;r=g 2x' class='avatar avatar-128 photo' height='128' width='128' \/>\t\t<\/div>\n\t\t\t\t<div class=\"elementor-post__text\">\n\t\t\t\t<h3 class=\"elementor-post__title\">\n\t\t\t<a href=\"https:\/\/panamacibersegura.gob.pa\/index.php\/2024\/08\/19\/club-de-ciberseguridad-en-el-colegio-secundario-de-gatuncillo\/\" >\n\t\t\t\tClub de Ciberseguridad en el Colegio Secundario de Gatuncillo\u00a0\t\t\t<\/a>\n\t\t<\/h3>\n\t\t\t\t<div class=\"elementor-post__excerpt\">\n\t\t\t<p>Lanzamiento del Club de Ciberseguridad en el Colegio Secundario de Gatuncillo en la provincia de Col\u00f3n, se convierte en la primera escuela oficial de nuestro<\/p>\n\t\t<\/div>\n\t\t\n\t\t<a class=\"elementor-post__read-more\" href=\"https:\/\/panamacibersegura.gob.pa\/index.php\/2024\/08\/19\/club-de-ciberseguridad-en-el-colegio-secundario-de-gatuncillo\/\" aria-label=\"Read more about Club de Ciberseguridad en el Colegio Secundario de Gatuncillo\u00a0\" tabindex=\"-1\" >\n\t\t\tRead More \u00bb\t\t<\/a>\n\n\t\t\t\t<\/div>\n\t\t\t\t<div class=\"elementor-post__meta-data\">\n\t\t\t\t\t<span class=\"elementor-post-date\">\n\t\t\t19 agosto, 2024\t\t<\/span>\n\t\t\t\t<span class=\"elementor-post-avatar\">\n\t\t\tNo hay comentarios\t\t<\/span>\n\t\t\t\t<\/div>\n\t\t\t\t\t<\/div>\n\t\t<\/article>\n\t\t\t\t<article class=\"elementor-post elementor-grid-item post-3845 post type-post status-publish format-standard has-post-thumbnail hentry category-adolescentes tag-ciberseguridad tag-ija tag-panamacibersegura\" role=\"listitem\">\n\t\t\t<div class=\"elementor-post__card\">\n\t\t\t\t<a class=\"elementor-post__thumbnail__link\" href=\"https:\/\/panamacibersegura.gob.pa\/index.php\/2024\/08\/19\/primer-club-de-ciberseguridad-en-el-instituto-justo-arosemena-ija\/\" tabindex=\"-1\" ><div class=\"elementor-post__thumbnail\"><img loading=\"lazy\" decoding=\"async\" width=\"300\" height=\"169\" src=\"https:\/\/panamacibersegura.gob.pa\/wp-content\/uploads\/2024\/08\/WhatsApp-Image-2024-08-14-at-13.16.32-300x169.jpeg\" class=\"attachment-medium size-medium wp-image-3886\" alt=\"\" srcset=\"https:\/\/panamacibersegura.gob.pa\/wp-content\/uploads\/2024\/08\/WhatsApp-Image-2024-08-14-at-13.16.32-300x169.jpeg 300w, https:\/\/panamacibersegura.gob.pa\/wp-content\/uploads\/2024\/08\/WhatsApp-Image-2024-08-14-at-13.16.32-1024x576.jpeg 1024w, https:\/\/panamacibersegura.gob.pa\/wp-content\/uploads\/2024\/08\/WhatsApp-Image-2024-08-14-at-13.16.32-768x432.jpeg 768w, https:\/\/panamacibersegura.gob.pa\/wp-content\/uploads\/2024\/08\/WhatsApp-Image-2024-08-14-at-13.16.32-1536x864.jpeg 1536w, https:\/\/panamacibersegura.gob.pa\/wp-content\/uploads\/2024\/08\/WhatsApp-Image-2024-08-14-at-13.16.32.jpeg 1600w\" sizes=\"(max-width: 300px) 100vw, 300px\" \/><\/div><\/a>\n\t\t\t\t<div class=\"elementor-post__badge\">Adolescentes<\/div>\n\t\t\t\t<div class=\"elementor-post__avatar\">\n\t\t\t<img alt='Panam\u00e1 Cibersegura' src='https:\/\/secure.gravatar.com\/avatar\/c7b13be26c75e86121061e21b03031a8a0c36b0b6195063bca8bd138975fde15?s=128&#038;d=mm&#038;r=g' srcset='https:\/\/secure.gravatar.com\/avatar\/c7b13be26c75e86121061e21b03031a8a0c36b0b6195063bca8bd138975fde15?s=256&#038;d=mm&#038;r=g 2x' class='avatar avatar-128 photo' height='128' width='128' \/>\t\t<\/div>\n\t\t\t\t<div class=\"elementor-post__text\">\n\t\t\t\t<h3 class=\"elementor-post__title\">\n\t\t\t<a href=\"https:\/\/panamacibersegura.gob.pa\/index.php\/2024\/08\/19\/primer-club-de-ciberseguridad-en-el-instituto-justo-arosemena-ija\/\" >\n\t\t\t\tPrimer Club de Ciberseguridad en el Instituto Justo Arosemena (IJA)\t\t\t<\/a>\n\t\t<\/h3>\n\t\t\t\t<div class=\"elementor-post__excerpt\">\n\t\t\t<p>Lanzamiento del Club de Ciberseguridad en el Instituto Justo Arosemena (IJA), se convierte en la primera escuela particular de nuestro pa\u00eds en crear su equipo<\/p>\n\t\t<\/div>\n\t\t\n\t\t<a class=\"elementor-post__read-more\" href=\"https:\/\/panamacibersegura.gob.pa\/index.php\/2024\/08\/19\/primer-club-de-ciberseguridad-en-el-instituto-justo-arosemena-ija\/\" aria-label=\"Read more about Primer Club de Ciberseguridad en el Instituto Justo Arosemena (IJA)\" tabindex=\"-1\" >\n\t\t\tRead More \u00bb\t\t<\/a>\n\n\t\t\t\t<\/div>\n\t\t\t\t<div class=\"elementor-post__meta-data\">\n\t\t\t\t\t<span class=\"elementor-post-date\">\n\t\t\t19 agosto, 2024\t\t<\/span>\n\t\t\t\t<span class=\"elementor-post-avatar\">\n\t\t\tNo hay comentarios\t\t<\/span>\n\t\t\t\t<\/div>\n\t\t\t\t\t<\/div>\n\t\t<\/article>\n\t\t\t\t<\/div>\n\t\t\n\t\t\t\t\t\t<\/div>\n\t\t\t\t<\/div>\n\t\t\t\t\t<\/div>\n\t\t<\/div>\n\t\t\t\t\t<\/div>\n\t\t<\/section>\n\t\t\t\t<\/div>\n\t\t","protected":false},"excerpt":{"rendered":"","protected":false},"author":2,"featured_media":0,"parent":0,"menu_order":0,"comment_status":"closed","ping_status":"closed","template":"","meta":{"_monsterinsights_skip_tracking":false,"_monsterinsights_sitenote_active":false,"_monsterinsights_sitenote_note":"","_monsterinsights_sitenote_category":0,"footnotes":""},"class_list":["post-3964","page","type-page","status-publish","hentry"],"_links":{"self":[{"href":"https:\/\/panamacibersegura.gob.pa\/index.php\/wp-json\/wp\/v2\/pages\/3964","targetHints":{"allow":["GET"]}}],"collection":[{"href":"https:\/\/panamacibersegura.gob.pa\/index.php\/wp-json\/wp\/v2\/pages"}],"about":[{"href":"https:\/\/panamacibersegura.gob.pa\/index.php\/wp-json\/wp\/v2\/types\/page"}],"author":[{"embeddable":true,"href":"https:\/\/panamacibersegura.gob.pa\/index.php\/wp-json\/wp\/v2\/users\/2"}],"replies":[{"embeddable":true,"href":"https:\/\/panamacibersegura.gob.pa\/index.php\/wp-json\/wp\/v2\/comments?post=3964"}],"version-history":[{"count":4,"href":"https:\/\/panamacibersegura.gob.pa\/index.php\/wp-json\/wp\/v2\/pages\/3964\/revisions"}],"predecessor-version":[{"id":3968,"href":"https:\/\/panamacibersegura.gob.pa\/index.php\/wp-json\/wp\/v2\/pages\/3964\/revisions\/3968"}],"wp:attachment":[{"href":"https:\/\/panamacibersegura.gob.pa\/index.php\/wp-json\/wp\/v2\/media?parent=3964"}],"curies":[{"name":"wp","href":"https:\/\/api.w.org\/{rel}","templated":true}]}}