{"id":4896,"date":"2026-03-20T20:28:04","date_gmt":"2026-03-20T20:28:04","guid":{"rendered":"https:\/\/panamacibersegura.gob.pa\/?page_id=4896"},"modified":"2026-03-20T20:57:20","modified_gmt":"2026-03-20T20:57:20","slug":"telegram","status":"publish","type":"page","link":"https:\/\/panamacibersegura.gob.pa\/index.php\/telegram\/","title":{"rendered":"Telegram"},"content":{"rendered":"\t\t<div data-elementor-type=\"wp-page\" data-elementor-id=\"4896\" class=\"elementor elementor-4896\" data-elementor-post-type=\"page\">\n\t\t\t\t\t\t<section class=\"elementor-section elementor-top-section elementor-element elementor-element-f456908 elementor-section-boxed elementor-section-height-default elementor-section-height-default\" data-id=\"f456908\" data-element_type=\"section\" data-e-type=\"section\">\n\t\t\t\t\t\t<div class=\"elementor-container elementor-column-gap-default\">\n\t\t\t\t\t<div class=\"elementor-column elementor-col-100 elementor-top-column elementor-element elementor-element-4b88e5b\" data-id=\"4b88e5b\" data-element_type=\"column\" data-e-type=\"column\">\n\t\t\t<div class=\"elementor-widget-wrap\">\n\t\t\t\t\t\t\t<\/div>\n\t\t<\/div>\n\t\t\t\t\t<\/div>\n\t\t<\/section>\n\t\t\t\t<section class=\"elementor-section elementor-top-section elementor-element elementor-element-60acca6 elementor-section-boxed elementor-section-height-default elementor-section-height-default\" data-id=\"60acca6\" data-element_type=\"section\" data-e-type=\"section\">\n\t\t\t\t\t\t<div class=\"elementor-container elementor-column-gap-default\">\n\t\t\t\t\t<div class=\"elementor-column elementor-col-100 elementor-top-column elementor-element elementor-element-af8ee19\" data-id=\"af8ee19\" data-element_type=\"column\" data-e-type=\"column\">\n\t\t\t<div class=\"elementor-widget-wrap elementor-element-populated\">\n\t\t\t\t\t\t<div class=\"elementor-element elementor-element-20c6b2d elementor-widget__width-initial elementor-widget elementor-widget-text-editor\" data-id=\"20c6b2d\" data-element_type=\"widget\" data-e-type=\"widget\" data-widget_type=\"text-editor.default\">\n\t\t\t\t<div class=\"elementor-widget-container\">\n\t\t\t\t\t\t\t\t\t<p><strong>\u00a0\u00bfQu\u00e9 es Telegram?<\/strong><\/p><p>Telegram es una aplicaci\u00f3n de mensajer\u00eda instant\u00e1nea basada en la nube que permite enviar mensajes, archivos, realizar llamadas y crear grupos o canales con miles de miembros.<\/p><p>Fue creada en 2013 por Pavel Durov y Nikolai Durov.<\/p><p>Telegram se caracteriza por su enfoque en velocidad, almacenamiento en la nube y funciones avanzadas como bots, canales p\u00fablicos y chats secretos.<\/p>\t\t\t\t\t\t\t\t<\/div>\n\t\t\t\t<\/div>\n\t\t\t\t\t<\/div>\n\t\t<\/div>\n\t\t\t\t\t<\/div>\n\t\t<\/section>\n\t\t\t\t<section class=\"elementor-section elementor-top-section elementor-element elementor-element-e3b7697 elementor-section-boxed elementor-section-height-default elementor-section-height-default\" data-id=\"e3b7697\" data-element_type=\"section\" data-e-type=\"section\">\n\t\t\t\t\t\t<div class=\"elementor-container elementor-column-gap-default\">\n\t\t\t\t\t<div class=\"elementor-column elementor-col-100 elementor-top-column elementor-element elementor-element-bda0d32\" data-id=\"bda0d32\" data-element_type=\"column\" data-e-type=\"column\">\n\t\t\t<div class=\"elementor-widget-wrap elementor-element-populated\">\n\t\t\t\t\t\t<section class=\"elementor-section elementor-inner-section elementor-element elementor-element-5279207 elementor-section-boxed elementor-section-height-default elementor-section-height-default\" data-id=\"5279207\" data-element_type=\"section\" data-e-type=\"section\">\n\t\t\t\t\t\t<div class=\"elementor-container elementor-column-gap-default\">\n\t\t\t\t\t<div class=\"elementor-column elementor-col-50 elementor-inner-column elementor-element elementor-element-cbe2f02\" data-id=\"cbe2f02\" data-element_type=\"column\" data-e-type=\"column\">\n\t\t\t<div class=\"elementor-widget-wrap elementor-element-populated\">\n\t\t\t\t\t\t<div class=\"elementor-element elementor-element-a3139af elementor-widget elementor-widget-text-editor\" data-id=\"a3139af\" data-element_type=\"widget\" data-e-type=\"widget\" data-widget_type=\"text-editor.default\">\n\t\t\t\t<div class=\"elementor-widget-container\">\n\t\t\t\t\t\t\t\t\t<p><strong>\u00a0\u00bfDe qu\u00e9 debes cuidarte en Telegram?<\/strong><\/p><ol><li><strong>Grupos y canales p\u00fablicos<\/strong><\/li><\/ol><ul><li>Estafas de inversi\u00f3n.<\/li><li>Promesas falsas.<\/li><li>Enlaces de phishing.<\/li><\/ul><ol start=\"2\"><li><strong>Bots maliciosos<\/strong><\/li><\/ol><ul><li>Solicitan datos personales.<\/li><li>Simulan soporte t\u00e9cnico.<\/li><li>Env\u00edan archivos peligrosos.<\/li><\/ul><ol start=\"3\"><li><strong>N\u00famero telef\u00f3nico visible<\/strong><\/li><\/ol><p>Si no se configura correctamente, otros pueden verlo.<\/p><ol start=\"4\"><li><strong>Chats normales no cifrados extremo a extremo<\/strong><\/li><\/ol><p>Solo los \u201cChats Secretos\u201d tienen cifrado extremo a extremo.<\/p><ol start=\"5\"><li><strong>Suplantaci\u00f3n de identidad<\/strong><\/li><\/ol><p>Cuentas que aparentan ser empresas, bancos o figuras p\u00fablicas.<\/p><ol start=\"6\"><li><strong>Estafas financieras<\/strong><\/li><\/ol><p>Telegram es com\u00fan en:<\/p><ul><li>Criptomonedas falsas.<\/li><li>Inversiones milagro.<\/li><li>Suplantaci\u00f3n de soporte bancario.<\/li><\/ul><p><strong>C\u00f3mo mejorar tu seguridad en Telegram<\/strong><\/p><ul><li>Configura privacidad del n\u00famero telef\u00f3nico.<\/li><li>Activa verificaci\u00f3n en dos pasos.<\/li><li>Usa \u201cChats Secretos\u201d para temas sensibles.<\/li><li>Controla qui\u00e9n puede agregarte a grupos.<\/li><li>Revisa dispositivos con sesi\u00f3n iniciada.<\/li><li>Desactiva descarga autom\u00e1tica de archivos.<\/li><\/ul>\t\t\t\t\t\t\t\t<\/div>\n\t\t\t\t<\/div>\n\t\t\t\t\t<\/div>\n\t\t<\/div>\n\t\t\t\t<div class=\"elementor-column elementor-col-50 elementor-inner-column elementor-element elementor-element-63ece6e\" data-id=\"63ece6e\" data-element_type=\"column\" data-e-type=\"column\">\n\t\t\t<div class=\"elementor-widget-wrap elementor-element-populated\">\n\t\t\t\t\t\t<div class=\"elementor-element elementor-element-7d40a4e elementor-widget elementor-widget-image\" data-id=\"7d40a4e\" data-element_type=\"widget\" data-e-type=\"widget\" data-widget_type=\"image.default\">\n\t\t\t\t<div class=\"elementor-widget-container\">\n\t\t\t\t\t\t\t\t\t\t\t\t\t\t\t<img fetchpriority=\"high\" decoding=\"async\" width=\"606\" height=\"909\" src=\"https:\/\/panamacibersegura.gob.pa\/wp-content\/uploads\/2026\/03\/telegram.jpg\" class=\"attachment-large size-large wp-image-4932\" alt=\"\" srcset=\"https:\/\/panamacibersegura.gob.pa\/wp-content\/uploads\/2026\/03\/telegram.jpg 606w, https:\/\/panamacibersegura.gob.pa\/wp-content\/uploads\/2026\/03\/telegram-200x300.jpg 200w\" sizes=\"(max-width: 606px) 100vw, 606px\" \/>\t\t\t\t\t\t\t\t\t\t\t\t\t\t\t<\/div>\n\t\t\t\t<\/div>\n\t\t\t\t\t<\/div>\n\t\t<\/div>\n\t\t\t\t\t<\/div>\n\t\t<\/section>\n\t\t\t\t\t<\/div>\n\t\t<\/div>\n\t\t\t\t\t<\/div>\n\t\t<\/section>\n\t\t\t\t<section class=\"elementor-section elementor-top-section elementor-element elementor-element-fec9328 elementor-section-boxed elementor-section-height-default elementor-section-height-default\" data-id=\"fec9328\" data-element_type=\"section\" data-e-type=\"section\">\n\t\t\t\t\t\t<div class=\"elementor-container elementor-column-gap-default\">\n\t\t\t\t\t<div class=\"elementor-column elementor-col-100 elementor-top-column elementor-element elementor-element-6bafeea\" data-id=\"6bafeea\" data-element_type=\"column\" data-e-type=\"column\">\n\t\t\t<div class=\"elementor-widget-wrap elementor-element-populated\">\n\t\t\t\t\t\t\t<\/div>\n\t\t<\/div>\n\t\t\t\t\t<\/div>\n\t\t<\/section>\n\t\t\t\t<\/div>\n\t\t","protected":false},"excerpt":{"rendered":"<p>\u00a0\u00bfQu\u00e9 es Telegram? Telegram es una aplicaci\u00f3n de mensajer\u00eda instant\u00e1nea basada en la nube que permite enviar mensajes, archivos, realizar llamadas y crear grupos o canales con miles de miembros. Fue creada en 2013 por Pavel Durov y Nikolai Durov. Telegram se caracteriza por su enfoque en velocidad, almacenamiento en la nube y funciones avanzadas [&hellip;]<\/p>\n","protected":false},"author":2,"featured_media":0,"parent":0,"menu_order":0,"comment_status":"closed","ping_status":"closed","template":"","meta":{"_monsterinsights_skip_tracking":false,"_monsterinsights_sitenote_active":false,"_monsterinsights_sitenote_note":"","_monsterinsights_sitenote_category":0,"footnotes":""},"class_list":["post-4896","page","type-page","status-publish","hentry"],"_links":{"self":[{"href":"https:\/\/panamacibersegura.gob.pa\/index.php\/wp-json\/wp\/v2\/pages\/4896","targetHints":{"allow":["GET"]}}],"collection":[{"href":"https:\/\/panamacibersegura.gob.pa\/index.php\/wp-json\/wp\/v2\/pages"}],"about":[{"href":"https:\/\/panamacibersegura.gob.pa\/index.php\/wp-json\/wp\/v2\/types\/page"}],"author":[{"embeddable":true,"href":"https:\/\/panamacibersegura.gob.pa\/index.php\/wp-json\/wp\/v2\/users\/2"}],"replies":[{"embeddable":true,"href":"https:\/\/panamacibersegura.gob.pa\/index.php\/wp-json\/wp\/v2\/comments?post=4896"}],"version-history":[{"count":16,"href":"https:\/\/panamacibersegura.gob.pa\/index.php\/wp-json\/wp\/v2\/pages\/4896\/revisions"}],"predecessor-version":[{"id":4938,"href":"https:\/\/panamacibersegura.gob.pa\/index.php\/wp-json\/wp\/v2\/pages\/4896\/revisions\/4938"}],"wp:attachment":[{"href":"https:\/\/panamacibersegura.gob.pa\/index.php\/wp-json\/wp\/v2\/media?parent=4896"}],"curies":[{"name":"wp","href":"https:\/\/api.w.org\/{rel}","templated":true}]}}